at is y(20)?
99
Let g(y) = y**2 - 57*y + 271. Calculate g(5).
11
Let l(x) = -2*x**3 - 54*x**2 + x - 74. Calculate l(-27).
-101
Let b(h) = 65*h + 320. Give b(-5).
-5
Let k(w) = 769*w + 7703. What is k(-10)?
13
Let y(d) = d**2 + 401*d - 1211. Give y(3).
1
Let o(g) = 12*g**2 - 75*g - 163. What is o(8)?
5
Let m(p) = p**3 + 6*p**2 + 44*p + 273. What is m(-6)?
9
Let z(h) = h**3 + 11*h**2 + h + 12. Determine z(-9).
165
Let m(n) = 3*n**2 - 106*n + 402. What is m(31)?
-1
Let s(c) = 2408*c + 14458. Calculate s(-6).
10
Let h(u) = -u**2 - 32*u + 111. Calculate h(-34).
43
Let o(y) = -y**3 - 6*y**2 - 42. What is o(-9)?
201
Let s(b) = -7*b**3 + 43*b**2 - 22*b - 36. Calculate s(5).
54
Let z(q) = -q**3 + 28*q**2 - 113*q - 32. Calculate z(23).
14
Let p(f) = f**3 + 32*f**2 - 39*f - 194. What is p(-33)?
4
Let v(z) = z**3 + 78*z**2 + 7*z + 581. Determine v(-78).
35
Let j(z) = -16*z - 521. Calculate j(-33).
7
Let d(b) = -493*b - 2947. Give d(-6).
11
Let d(f) = 3*f**2 - 35*f + 108. Give d(11).
86
Let r(w) = 133*w + 11446. Calculate r(-86).
8
Let a(d) = -56*d - 11. Calculate a(-1).
45
Let f(b) = b**3 + 11*b**2 + 12*b + 4. Calculate f(-9).
58
Let o(v) = -3513*v - 126471. Calculate o(-36).
-3
Let d(r) = -2*r**3 - 29*r**2 + 23*r + 183. What is d(-15)?
63
Let l(c) = -426*c - 3823. Calculate l(-9).
11
Let g(w) = -1362*w + 1370. Calculate g(1).
8
Let o(v) = 231*v + 743. Calculate o(-4).
-181
Let o(l) = -l**3 + 96*l**2 + 117*l - 1931. Give o(97).
9
Let l(c) = -c**3 - 10*c**2 - 13*c + 35. What is l(-8)?
11
Let n(t) = -5*t**3 + 89*t**2 + 14*t + 56. Calculate n(18).
-16
Let s(t) = -9*t**3 + 19*t**2 + 32*t - 129. What is s(2)?
-61
Let x(l) = -40*l + 303. Calculate x(6).
63
Let z(w) = 4*w**2 + 213*w + 2208. Determine z(-14).
10
Let w(a) = 199*a + 5576. Determine w(-28).
4
Let d(a) = a**3 + 16*a**2 + 31*a + 97. What is d(-15)?
-143
Let j(o) = 65*o - 841. Calculate j(13).
4
Let x(g) = g**3 + 3*g**2 - 4*g - 38. Determine x(-7).
-206
Let a(i) = -84*i**2 + 2*i - 19. What is a(2)?
-351
Let j(l) = -2*l**3 + 9*l**2 - 12*l - 8. Calculate j(3).
-17
Let s(z) = 3*z**3 - 5*z**2 - 5*z + 4. Calculate s(3).
25
Let j(x) = x**3 - 177*x - 12. Determine j(0).
-12
Let n(p) = p**3 + 26*p**2 - 9*p - 175. Give n(-26).
59
Let d(h) = 2*h**3 - 50*h**2 - 45*h - 153. Calculate d(26).
29
Let h(r) = -r**2 - 9*r + 44. Determine h(-12).
8
Let g(b) = 54*b - 344. What is g(12)?
304
Let j(y) = 3041*y + 33457. Give j(-11).
6
Let a(b) = -b**2 - 24*b + 802. Calculate a(19).
-15
Let p(z) = z**3 - 77*z**2 + 220*z - 10958. Determine p(76).
-14
Let a(d) = -d**3 + 9*d**2 + 18*d - 163. What is a(10)?
-83
Let j(a) = 3477*a - 3460. Determine j(1).
17
Let q(f) = 45*f**2 - 8*f - 30. Give q(-3).
399
Let z(j) = j**3 + 53*j**2 + 16*j + 987. What is z(-53)?
139
Let i(c) = -c**3 - 9*c**2 - 61*c - 541. Calculate i(-9).
8
Let z(k) = 3601*k - 36005. Calculate z(10).
5
Let j(a) = -6*a**3 + 118*a**2 + 29*a + 198. Determine j(20).
-22
Let j(z) = -7*z**3 - 5*z**2 + 8*z - 5. Give j(3).
-215
Let d(p) = -p**2 - 1162*p - 38343. Calculate d(-34).
9
Let n(d) = d**2 - 19*d - 184. Determine n(-8).
32
Let w(t) = t**3 - 386*t**2 + 1900*t + 22. Give w(5).
-3
Let a(d) = d**3 - 42*d**2 - 28*d + 1178. What is a(42)?
2
Let m(c) = 4*c**2 + 559*c + 1658. What is m(-3)?
17
Let r(z) = -32*z - 29. Determine r(-1).
3
Let c(y) = -y**3 - 3*y**2 + 25*y + 121. Give c(-6).
79
Let t(r) = -98*r - 3091. Give t(-31).
-53
Let y(z) = z**3 + 59*z**2 - 5930*z + 679. Determine y(-112).
7
Let t(u) = 2*u**2 - 13*u - 100. Give t(-5).
15
Let s(h) = -h**3 - 19*h**2 - 27*h + 73. Calculate s(-17).
-46
Let f(r) = -21*r**2 - 48*r - 369. Give f(-7).
-1062
Let g(v) = -73*v**2 - 813*v - 15. Determine g(-11).
95
Let f(y) = 2*y**3 - 27*y**2 + 12*y + 29. Determine f(13).
16
Let s(q) = q**2 - 81*q + 936. Determine s(59).
-362
Let c(f) = -f**3 - 17*f**2 + 344*f - 126. Determine c(-29).
-10
Let i(j) = 175*j - 23618. What is i(135)?
7
Let x(m) = m**2 - 19*m + 51. Determine x(3).
3
Let a(w) = 27*w + 585. Determine a(-22).
-9
Let l(w) = w**3 - 24*w**2 - 5*w + 15. Calculate l(24).
-105
Let z(u) = -2*u**3 + 11*u**2 - 87*u + 462. Give z(5).
52
Let n(f) = -38*f**2 + 1216*f - 1. Give n(32).
-1
Let b(n) = 2*n**2 - 29*n + 24. What is b(6)?
-78
Let s(r) = r**2 + 2*r - 67. Calculate s(-16).
157
Let l(p) = 16*p**3 + 4*p**2 - 7*p - 6. Calculate l(-2).
-104
Let c(f) = 55*f**2 - 3*f - 1. Calculate c(1).
51
Let s(a) = -96*a + 1184. Calculate s(12).
32
Let w(d) = 9*d**3 - d**2 - d + 1. Determine w(3).
232
Let w(n) = 2*n**3 - 11*n**2 - 22*n + 114. What is w(6)?
18
Let c(w) = 6*w**2 + 70*w - 2. Give c(-11).
-46
Let y(p) = -p**3 + 20*p**2 + 11*p + 48. Give y(21).
-162
Let p(x) = x**3 + 206*x**2 - 4766*x - 16. Calculate p(21).
5
Let h(o) = 15*o - 332. Give h(23).
13
Let s(c) = 151*c**2 - 153*c - 3. What is s(1)?
-5
Let a(w) = 9*w**3 + 2*w**2 - 3*w + 2. What is a(2)?
76
Let l(u) = -101*u + 283. Determine l(3).
-20
Let o(g) = -6*g**2 - 79*g - 39. Determine o(-12).
45
Let z(k) = -7*k**3 - 28*k**2 - 17*k - 87. Calculate z(-4).
-19
Let h(x) = 8*x + 619. Calculate h(-76).
11
Let j(x) = -x**3 - 7*x**2 + 30*x + 6. Determine j(-10).
6
Let m(t) = t**3 + 20*t**2 - 221*t + 67. Determine m(-28).
-17
Let t(p) = p**2 - 307*p - 13483. Give t(-39).
11
Let f(i) = -i**2 - 72*i - 624. Determine f(-56).
272
Let p(n) = -n**3 + 15*n**2 - 68*n + 8. Determine p(10).
-172
Let c(p) = -3*p**2 + 99*p - 118. What is c(29)?
230
Let c(i) = 30*i**2 - 31*i + 81. Calculate c(3).
258
Let p(r) = -22*r - 94. Give p(1).
-116
Let h(d) = 10*d**2 + 52*d + 14. Give h(-7).
140
Let m(h) = -319*h + 1016. Determine m(3).
59
Let x(r) = 508*r - 9150. Determine x(18).
-6
Let n(k) = -k**3 + 70*k**2 + 301*k - 376. Determine n(74).
-6
Let a(f) = -2*f**3 + 2*f**2 + 71*f + 69. Calculate a(-1).
2
Let b(i) = 110*i + 29. What is b(-1)?
-81
Let k(c) = -5*c**2 + 452*c - 2697. Give k(6).
-165
Let t(n) = -8264*n - 198345. Calculate t(-24).
-9
Let t(h) = h**3 + h**2 + 21*h. Calculate t(0).
0
Let b(g) = -20*g - 121. Give b(-16).
199
Let b(z) = z**3 + 10*z**2 - 27*z - 170. What is b(-11)?
6
Let d(g) = g**3 + 118*g**2 + 1274*g + 22. What is d(-12)?
-2
Let c(h) = 17*h**3 + 6*h**2 + 2*h - 3. Calculate c(-1).
-16
Let t(p) = p**2 - 176*p + 7. Calculate t(176).
7
Let m(z) = -5*z**3 + 45*z**2 - 72*z + 25. Calculate m(7).
11
Let r(s) = 537*s + 5883. What is r(-11)?
-24
Let z(s) = -434*s + 63356. Give z(146).
-8
Let n(f) = f**3 - 4*f**2 - 4*f - 5. What is n(7)?
114
Let d(l) = l**3 - 16*l**2 + 53*l - 103. What is d(10)?
-173
Let f(v) = 56*v - 1237. Determine f(20).
-117
Let l(z) = 11*z + 543. What is l(-34)?
169
Let j(n) = -300*n + 9299. Calculate j(31).
-1
Let z(n) = 28*n + 1016. Give z(-34).
64
Let k(s) = -s**3 + 7*s**2 + 10*s + 20. Give k(9).
-52
Let s(u) = -2*u**2 + 7*u - 88. What is s(-8)?
-272
Let l(a) = 2*a**2 - 63*a - 397. What is l(37)?
10
Let o(y) = -y**3 + 32*y**2 - 161*y + 705. Determine o(27).
3
Let m(h) = 1003*h + 16057. Give m(-16).
9
Let w(q) = -15*q + 1679. What is w(111)?
14
Let q(a) = -2223*a + 104481. Give q(47).
0
Let l(t) = 3*t**2 + 64*t + 187. What is l(-12)?
-149
Let l(u) = 8*u**2 + 151*u + 608. Calculate l(-6).
-10
Let b(h) = 11*h**2 + 16*h - 41. What is b(-3)?
10
Let h(w) = w**2 - 37*w + 329. Determine h(15).
-1
Let k(v) = v**3 + 67*v**2 + 355*v - 598. Give k(-61).
73
Let p(o) = -27*o**3 + 3*o**2 + 4*o + 1. What is p(-1)?
27
Let j(l) = -2*l**2 - 59*l + 134. Give j(-31).
41
Let h(r) = -1541*r - 4845. Determine h(-3).
-222
Let c(m) = 7*m + 120. Determine c(28).
316
Let q(p) = -5*p - 168. Give q(9).
-213
Let t(x) = x**2 - 62*x - 85. What is t(59)?
-262
Let p(m) = -m**2 + 209*m + 832. Give p(-4).
-20
Let n(l) = -28*l - 505. What is n(-18)?
-1
Let j(s) = s**2 + 58*s - 1342. Give j(-76).
26
Let t(k) = 6*k + 451. Give t(-70).
31
Let w(r) = -2*r**2 - 8*r + 312. Give w(15).
-258
Let p(f) = -3*f - 137. Calculate p(-33).
-38
Let v(u) = 2*u**3 + 9*u**2 + 5*u - 24. Give v(-7).
-304
Let j(f) = -15*f**3 + 18*f + 33. Calculate j(-2).
117
Let f(l) = 7*l**2 + 269*l + 2163. Give f(-27).
3
Let w(c) = -3*c**3 - 22*c**2 - 11*c - 138. Determine w(-8).
78
Let v(x) = -x**3 + 98*x**2 - 1172*x - 62. Determine v(14).
-6
Let h(k) = -k**2 + 1133*k - 61337. Calculate h(57).
-5
Let o(h) = -13255*h + 39769. What is o(3)?
4
Let g(h) = h**3 - 26*h**2 + 3*h - 109. Determine g(26).
-31
Let d